ppose -n = -w - 3. What are the prime factors of n?
11
Suppose 4*y - 65 = 3*y. Suppose 39 = -2*v - y. Let f = v - -102. What are the prime factors of f?
2, 5
Let d = -54 + 58. Suppose -5*y = 2*o - 47, -d*o = 3*y + y - 112. List the prime factors of o.
31
Suppose 1570*s - 1569*s = 4023. List the prime factors of s.
3, 149
Let n be (48/(-30))/((-2)/35). Let j = -5 + n. Let u = j - 4. List the prime factors of u.
19
Suppose 269 = -5*p + 4*p. Let m = -152 - p. What are the prime factors of m?
3, 13
Let n(w) = w**2 - 1. Let r(q) = 3*q**2 - 4. Let y(g) = 6*n(g) - r(g). What are the prime factors of y(2)?
2, 5
Let q = 5 - 5. Suppose q*n + 2*j - 260 = -4*n, -n = j - 65. List the prime factors of n.
5, 13
Let l(p) = 9*p - 40. Let t be l(8). Suppose t*c = 35*c - 69. List the prime factors of c.
23
Suppose 4*i + 3*f - 4147 = 0, -i + 355 = 5*f - 703. List the prime factors of i.
1033
Let m(g) = -g**3 + 3*g**2 + 5*g + 2. Let v be m(4). Let r(j) = 3*j**2 - 6*j + 13. Let x be r(v). Let b = x - 29. List the prime factors of b.
2, 7
Suppose 17*d - 467 = 1981. List the prime factors of d.
2, 3
Suppose -87*m + 81*m + 978 = 0. What are the prime factors of m?
163
Let n(u) = 123*u**2 + u + 3. List the prime factors of n(-2).
17, 29
What are the prime factors of -9*(-1282)/15 - 8/40?
769
Suppose -9*i = -6*i + 69. Let c = i - -206. What are the prime factors of c?
3, 61
Let g(h) = -h**3 + 15*h**2 - 3*h + 52. Let u be g(15). Suppose -4*l - 1017 = -u*l. List the prime factors of l.
3, 113
List the prime factors of (160 - 0) + 0/14.
2, 5
Suppose -13*a + 15*a - 102 = 0. Suppose t = j - 61, j = -2*t + t + a. List the prime factors of j.
2, 7
Suppose -2*g + 4*d - 28 = 0, -4*d - 4 = 3*g - 2. Let a(y) = 6*y + 10 + y**2 + 2 - 4. What are the prime factors of a(g)?
2
List the prime factors of 1240/25 - (56/(-20))/7.
2, 5
Let z(q) = -q**3 + 7*q**2 + 9*q - 4. Let b be z(8). Suppose b*r = -4*m + 4 - 0, -3*m + 4*r - 4 = 0. Suppose m = -x + 2*x - 4. List the prime factors of x.
2
Let d(x) = -x**2 - x. Let f(c) = 2*c**2 + c + 66. Let p(m) = -d(m) + f(m). List the prime factors of p(0).
2, 3, 11
Let c(s) = -s + 12. Let p be c(5). Let l(f) = -f - f + f - 1 + p*f. List the prime factors of l(7).
41
Suppose c = 4 + 1. Suppose -c*s = -3*a + a - 575, 560 = 5*s + a. What are the prime factors of s?
113
Suppose 0 = -a - 3 - 1. Let l = -2 - a. Suppose l*z = -4*y + 72, -2*y - 3*z + 76 = 2*y. List the prime factors of y.
2
Suppose -5*h - 5*d = -h - 8413, 4*d = 2*h - 4174. List the prime factors of h.
3, 233
Suppose 5*b = -4*s + 1751, 4*b - 5*s = 9*b - 1750. List the prime factors of b.
3, 13
Suppose 0 = 7*g - 251 - 246. Suppose 5*r - 3*d - 291 = r, -d + g = r. What are the prime factors of r?
2, 3
Let y = -385 - -138. Let c = 346 + y. What are the prime factors of c?
3, 11
Suppose 1 = -5*p - 4, -4*c = 2*p + 18. Let o be (-2)/c + (-12)/(-8). What are the prime factors of (-6)/4*(o - 8)?
3
What are the prime factors of (391/(-3))/((-10)/120)?
2, 17, 23
Let a(d) = 2*d**3 - 7*d**2 + 9*d + 28. List the prime factors of a(6).
2, 131
Let w(r) = 2*r**2 - r + 2. Suppose 0 = 9*k - 2*k + 56. What are the prime factors of w(k)?
2, 3, 23
Let q(a) = 2*a**2 - a + 3. Let y(h) = 5*h**2 - 3*h + 8. Let d(z) = 8*q(z) - 3*y(z). List the prime factors of d(-2).
2
Suppose 2*f + 3*c = 1066, 0*f + c - 1613 = -3*f. Suppose 0 = 5*w - f - 286. What are the prime factors of w?
3, 5, 11
Let b(h) = 6 - h**2 + 16*h - 4 - 13. Let k be b(16). Let m = k - -17. List the prime factors of m.
2, 3
Suppose 2*r + 41 = 6*r + 5*y, 5*r = -3*y + 35. Suppose 3*i + r = 19. Let w(k) = k**3 - 6*k**2 + 5*k + 7. List the prime factors of w(i).
7
Let x(t) = t**3 + 16*t**2 - t - 32. What are the prime factors of x(-12)?
2, 139
Let c = 36 + -36. Suppose o - 488 = -6*p + p, 2*o - 6 = c. What are the prime factors of p?
97
Let o(z) = z**2 + 6*z + 7. Let h be o(-3). Let w be (-1)/(h + (-87)/(-45)). Suppose 5*b = -5*y + w + 15, 2*y - 26 = -4*b. What are the prime factors of b?
7
Let k be (-4 - (-115)/5) + -2. Suppose -15 = -k*q + 14*q. Suppose 0*b - 4*r - 24 = -b, -q*r = b - 24. List the prime factors of b.
2, 3
Suppose 5*v + o = 5745, 8*o - 3*o - 3447 = -3*v. List the prime factors of v.
3, 383
Let s = 117 - 105. Let t = 22 - -30. Suppose -4*p = -s - t. What are the prime factors of p?
2
Suppose 44*n - 828 = 42*n. Suppose -4*m - 5*u = -829, -4*u + 2*u = 2*m - n. List the prime factors of m.
2, 103
Let n be 1/4 - 4/16. Let j be 2 + 2/(n - 1). List the prime factors of (1 - j)*(21 - 0).
3, 7
Let f = 2559 - 932. What are the prime factors of f?
1627
Let h(v) = 357*v**2 - 13*v - 20. What are the prime factors of h(-2)?
2, 3, 239
Let d = 7900 - 4571. List the prime factors of d.
3329
Let p = 48 + -5. Let u(l) = l**3 - l**2 - 5*l - 2. Let o be u(5). Let m = o - p. List the prime factors of m.
2, 3, 5
Suppose -7*g + 4497 = -4302. List the prime factors of g.
3, 419
Suppose p = 6*p - 1450. Suppose 5*a - p = -m - 20, -4*a - 3*m = -216. List the prime factors of a.
2, 3
Let x(m) = -m**3 - 4*m**2 + m + 1040. What are the prime factors of x(0)?
2, 5, 13
Let a(o) = -o**2 - 8*o + 6. Let z be (-50)/(-15)*(0 + -3). Let b = 5 + z. List the prime factors of a(b).
3, 7
Let j(d) = -113*d - 632. List the prime factors of j(-23).
7, 281
Let k = -295 + 386. Suppose -43 = 3*t - 4*t. Suppose 4*u = -2*f + t - 1, -u = -3*f + k. List the prime factors of f.
29
Let s(k) = k**2 - 20*k. Let v be s(19). Let a = v + 13. List the prime factors of a/(-1)*(-4)/(-6).
2
Let q(i) = i**3 + 7*i**2 - 9*i - 11. Let v be q(-8). What are the prime factors of 163 - (-4 - v/((-6)/(-2)))?
2, 83
Suppose -2*h + 1 - 3 = -c, -h = -4*c + 1. Suppose -3*f - 2*u = -19, 4*u = -c*f - 2*f + 10. List the prime factors of f.
7
Suppose 3*f - 3271 = -30*w + 26*w, -4*f + 4376 = -2*w. What are the prime factors of f?
1093
Let r(y) = 5*y**2 - 7*y + 11. What are the prime factors of r(9)?
353
Let n be ((-1)/2)/((-3)/6)*5. Suppose -2*p - 3*h + n = -45, -p = -4*h - 25. What are the prime factors of p?
5
Suppose -2*d + 3*d = 156. Suppose 0 = l - 4*s - 24, 4*l + 3*s = -s + d. What are the prime factors of l?
2, 3
Let m(k) = 2*k**3 - 3*k**2 - 5*k + 6. Let h be m(4). Suppose -b + 4*b + h = 0. List the prime factors of (-30)/165 - 136/b.
2, 3
Suppose -3*j - 13 = 11. Let m = j + 61. List the prime factors of m.
53
Suppose r + 2*m = 3*r - 4006, -3*r + 4*m + 6014 = 0. List the prime factors of r.
2, 3, 37
List the prime factors of (16/(-40)*13)/(4/(-360)).
2, 3, 13
Let r = -2902 - -4866. List the prime factors of r.
2, 491
Let h(r) = -2*r**3 - r**2 + 2*r - 1. Let z be h(1). Let n be 1/(z/(-18)*-1). Let v(b) = -b**2 - 11*b + 11. List the prime factors of v(n).
29
Let n be (38 - -2)/5 - 3. Suppose 2*i = -n*b + 149 - 21, 287 = 5*i - 4*b. What are the prime factors of i?
59
Let p = -414 - -718. What are the prime factors of p?
2, 19
Let h(j) = -22*j - 68. What are the prime factors of h(-11)?
2, 3, 29
Let n(a) = -73*a + 5. Let r(b) = -74*b + 4. Let d(q) = 2*n(q) - 3*r(q). What are the prime factors of d(2)?
2, 3, 5
List the prime factors of 73/4 + (-50)/40.
17
Let q(z) = -3*z + 3. Let k be q(2). Let l(v) = 19*v + 4. Let p(u) = 39*u + 8. Let c(s) = -13*l(s) + 6*p(s). What are the prime factors of c(k)?
5, 7
Let z = 649 - 455. Suppose -4*p = -f - 379, 3*p - z = p - 4*f. List the prime factors of p.
5, 19
Suppose 0 + 35 = 5*c. Let y = c - -10. Let v = 29 - y. What are the prime factors of v?
2, 3
Suppose -38*y = -41*y + 2586. What are the prime factors of y?
2, 431
Let s be -2 + 4/6*3. Suppose 5*l + 220 = 2*n, s*l + 4*n = 5*l + 210. Let k = 68 + l. What are the prime factors of k?
2, 11
Let u = 4 + 1. Suppose -7*m + u*m = -186. List the prime factors of m.
3, 31
Let w(c) = -c**3 + 10*c**2 + 12*c - 4. Let b be w(11). Let q = b - 3. Suppose o + y - 8 = 0, o + q*y - 14 = 3*o. List the prime factors of o.
3
Suppose 4*h - 15 = 5*q - h, 5*q = -h - 33. Let y = 8 + q. Suppose 5*j - 27 = y*j. What are the prime factors of j?
3
Let f = 36 - 34. List the prime factors of f/(-5) - (-64)/10 - 0.
2, 3
Let p(c) = 72*c - 63*c - 45*c - 5. What are the prime factors of p(-4)?
139
Suppose -4*p + 142 + 2538 = 0. What are the prime factors of p?
2, 5, 67
Let m = 17 - 13. Suppose 2*x - 104 = 3*k, -111 = m*k + 5*x - 3. List the prime factors of (-9